{"id":9611,"date":"2025-03-05T14:04:28","date_gmt":"2025-03-05T14:04:28","guid":{"rendered":"https:\/\/www.ab-fotografie.net\/wp1\/?page_id=9611"},"modified":"2025-03-15T16:00:40","modified_gmt":"2025-03-15T16:00:40","slug":"personal-branding","status":"publish","type":"page","link":"https:\/\/www.ab-fotografie.net\/wp1\/personal-branding\/","title":{"rendered":"Personal Branding"},"content":{"rendered":"<p>[vc_row][vc_column][wiso_headings style=&#8220;text_center&#8220; title=&#8220;Personal Branding&#8220; subtitle=&#8220;Business Fotografie&#8220;][\/vc_column][\/vc_row][vc_row][vc_column][vc_empty_space][\/vc_column][\/vc_row][vc_row][vc_column][vc_column_text]<\/p>\n<h4 data-start=\"0\" data-end=\"58\">Zeige, wer du wirklich bist!<\/h4>\n<p data-start=\"60\" data-end=\"411\">In der heutigen digitalen Welt ist der erste Eindruck entscheidend. Personal Branding Fotos helfen Dir, Deine Pers\u00f6nlichkeit, Deine Werte und Dein Business authentisch zu pr\u00e4sentieren. Ob f\u00fcr Deine Website, Social Media oder professionelle Profile \u2013 gemeinsam kreieren wir Bilder, die Deine Einzigartigkeit unterstreichen und Vertrauen aufbauen.<\/p>\n<p data-start=\"60\" data-end=\"411\">Besonders f\u00fcr Selbstst\u00e4ndige, Unternehmer:innen und Kreative sind professionelle Bilder essenziell, um ihr Business sichtbar zu machen. Ob in Aktion, in Deinem Arbeitsumfeld oder mit Deinen Produkten \u2013 ich setze Dich und Dein Unternehmen perfekt in Szene, damit Deine Kund:innen sofort sehen, wof\u00fcr Du stehst.<\/p>\n<p>Investiere in Deine Marke \u2013 mit Bildern, die \u00fcberzeugen![\/vc_column_text][\/vc_column][\/vc_row][vc_row][vc_column][wiso_services style=&#8220;center&#8220; title=&#8220;Personal Branding&#8220; text=&#8220;Kontaktiere mich f\u00fcr eine pers\u00f6nliche und unverbindliche Offerte, direkt auf Deine Bed\u00fcrfnisse abgestimmt.&#8220;][\/vc_column][\/vc_row][vc_row][vc_column][wiso_button style=&#8220;a-btn-3&#8243; button=&#8220;url:mailto%3Ainfo%40ab-fotografie.net|title:Kontakt||&#8220;][\/vc_column][\/vc_row][vc_row][vc_column][vc_empty_space][\/vc_column][\/vc_row][vc_row][vc_column][wiso_gallery type=&#8220;masonry&#8220; columns=&#8220;three_columns&#8220; images=&#8220;9565,9570,9567&#8243;][\/vc_column][\/vc_row]<\/p>\n","protected":false},"excerpt":{"rendered":"<p>[vc_row][vc_column][wiso_headings style=&#8220;text_center&#8220; title=&#8220;Personal Branding&#8220; subtitle=&#8220;Business Fotografie&#8220;][\/vc_column][\/vc_row][vc_row][vc_column][vc_empty_space][\/vc_column][\/vc_row][vc_row][vc_column][vc_column_text] Zeige, wer du wirklich bist! In der heutigen digitalen Welt ist der erste Eindruck entscheidend. Personal Branding Fotos helfen Dir, Deine Pers\u00f6nlichkeit, Deine Werte und Dein Business authentisch zu pr\u00e4sentieren. Ob f\u00fcr Deine Website, Social Media oder professionelle Profile \u2013 gemeinsam kreieren wir Bilder, die Deine Einzigartigkeit unterstreichen und &#8230;<\/p>\n","protected":false},"author":1,"featured_media":0,"parent":0,"menu_order":0,"comment_status":"closed","ping_status":"closed","template":"","meta":{"footnotes":""},"featured_image_src":null,"featured_image_src_square":null,"_links":{"self":[{"href":"https:\/\/www.ab-fotografie.net\/wp1\/wp-json\/wp\/v2\/pages\/9611"}],"collection":[{"href":"https:\/\/www.ab-fotografie.net\/wp1\/wp-json\/wp\/v2\/pages"}],"about":[{"href":"https:\/\/www.ab-fotografie.net\/wp1\/wp-json\/wp\/v2\/types\/page"}],"author":[{"embeddable":true,"href":"https:\/\/www.ab-fotografie.net\/wp1\/wp-json\/wp\/v2\/users\/1"}],"replies":[{"embeddable":true,"href":"https:\/\/www.ab-fotografie.net\/wp1\/wp-json\/wp\/v2\/comments?post=9611"}],"version-history":[{"count":6,"href":"https:\/\/www.ab-fotografie.net\/wp1\/wp-json\/wp\/v2\/pages\/9611\/revisions"}],"predecessor-version":[{"id":9656,"href":"https:\/\/www.ab-fotografie.net\/wp1\/wp-json\/wp\/v2\/pages\/9611\/revisions\/9656"}],"wp:attachment":[{"href":"https:\/\/www.ab-fotografie.net\/wp1\/wp-json\/wp\/v2\/media?parent=9611"}],"curies":[{"name":"wp","href":"https:\/\/api.w.org\/{rel}","templated":true}]}}

<p>[vc_row][vc_column][wiso_headings style=&#8220;text_center&#8220; title=&#8220;Personal Branding&#8220; subtitle=&#8220;Business Fotografie&#8220;][/vc_column][/vc_row][vc_row][vc_column][vc_empty_space][/vc_column][/vc_row][vc_row][vc_column][vc_column_text]</p>
<h4 data-start="0" data-end="58">Zeige, wer du wirklich bist!</h4>
<p data-start="60" data-end="411">In der heutigen digitalen Welt ist der erste Eindruck entscheidend. Personal Branding Fotos helfen Dir, Deine Persönlichkeit, Deine Werte und Dein Business authentisch zu präsentieren. Ob für Deine Website, Social Media oder professionelle Profile – gemeinsam kreieren wir Bilder, die Deine Einzigartigkeit unterstreichen und Vertrauen aufbauen.</p>
<p data-start="60" data-end="411">Besonders für Selbstständige, Unternehmer:innen und Kreative sind professionelle Bilder essenziell, um ihr Business sichtbar zu machen. Ob in Aktion, in Deinem Arbeitsumfeld oder mit Deinen Produkten – ich setze Dich und Dein Unternehmen perfekt in Szene, damit Deine Kund:innen sofort sehen, wofür Du stehst.</p>
<p>Investiere in Deine Marke – mit Bildern, die überzeugen![/vc_column_text][/vc_column][/vc_row][vc_row][vc_column][wiso_services style=&#8220;center&#8220; title=&#8220;Personal Branding&#8220; text=&#8220;Kontaktiere mich für eine persönliche und unverbindliche Offerte, direkt auf Deine Bedürfnisse abgestimmt.&#8220;][/vc_column][/vc_row][vc_row][vc_column][wiso_button style=&#8220;a-btn-3&#8243; button=&#8220;url:mailto%3Ainfo%40ab-fotografie.net|title:Kontakt||&#8220;][/vc_column][/vc_row][vc_row][vc_column][vc_empty_space][/vc_column][/vc_row][vc_row][vc_column][wiso_gallery type=&#8220;masonry&#8220; columns=&#8220;three_columns&#8220; images=&#8220;9565,9570,9567&#8243;][/vc_column][/vc_row]</p>

<p>[vc_row][vc_column][wiso_headings style=&#8220;text_center&#8220; title=&#8220;Personal Branding&#8220; subtitle=&#8220;Business Fotografie&#8220;][/vc_column][/vc_row][vc_row][vc_column][vc_empty_space][/vc_column][/vc_row][vc_row][vc_column][vc_column_text] Zeige, wer du wirklich bist! In der heutigen digitalen Welt ist der erste Eindruck entscheidend. Personal Branding Fotos helfen Dir, Deine Persönlichkeit, Deine Werte und Dein Business authentisch zu präsentieren. Ob für Deine Website, Social Media oder professionelle Profile – gemeinsam kreieren wir Bilder, die Deine Einzigartigkeit unterstreichen und &#8230;</p>
