{"id":9607,"date":"2025-03-05T13:56:56","date_gmt":"2025-03-05T13:56:56","guid":{"rendered":"https:\/\/www.ab-fotografie.net\/wp1\/?page_id=9607"},"modified":"2025-04-02T15:52:44","modified_gmt":"2025-04-02T15:52:44","slug":"bewerbungsbilder","status":"publish","type":"page","link":"https:\/\/www.ab-fotografie.net\/wp1\/bewerbungsbilder\/","title":{"rendered":"Bewerbungsbilder"},"content":{"rendered":"<p>[vc_row][vc_column][wiso_headings style=&#8220;text_center&#8220; title=&#8220;Bewerbungsbilder&#8220; subtitle=&#8220;BUSINESS&#8220;][\/vc_column][\/vc_row][vc_row][vc_column][vc_empty_space][\/vc_column][\/vc_row][vc_row][vc_column][vc_column_text]<\/p>\n<h4 data-start=\"72\" data-end=\"355\">Der erste Eindruck z\u00e4hlt!<\/h4>\n<p data-start=\"72\" data-end=\"355\">Ein \u00fcberzeugendes Bewerbungsbild \u00f6ffnet T\u00fcren. Mit nat\u00fcrlichem Licht, der richtigen Pose und einer authentischen Ausstrahlung setze ich Dich perfekt in Szene. Ob klassisch, modern oder kreativ \u2013 gemeinsam erstellen wir ein Bild, das Professionalit\u00e4t und Pers\u00f6nlichkeit ausstrahlt.<\/p>\n<p>[\/vc_column_text][\/vc_column][\/vc_row][vc_row][vc_column][wiso_services style=&#8220;center&#8220; title=&#8220;Bewerbungsbilder &#8211; CHF 80&#8243;][vc_column_text]<\/p>\n<ul>\n<li>ca. 15-20 Minuten Fotoshooting im Studio in 5630 Muri<\/li>\n<li>1 Bild professionell bearbeitet &amp; retouchiert in Farbe &amp; SW, in voller Aufl\u00f6sung als JPG-Datei zum Download<\/li>\n<li>Option zum Erwerb zus\u00e4tzlicher Bilddateien (CHF 25\/Bild)<\/li>\n<li>Passwortgesch\u00fctze Onlinegalerie zur Auswahl Ihrer Bilder<\/li>\n<\/ul>\n<p>[\/vc_column_text][\/vc_column][\/vc_row][vc_row][vc_column][vc_empty_space][wiso_button style=&#8220;a-btn-3&#8243; button=&#8220;url:mailto%3Ainfo%40ab-fotografie.net|title:Book%20now||&#8220;][vc_empty_space][wiso_gallery type=&#8220;masonry&#8220; columns=&#8220;three_columns&#8220; images=&#8220;9602,9599,9584,9664,9666,9570,9579,9572,9595,9577,9665,9667,9658,9585,9594,9586,9567,9659,9662,9660,9582,9578,9592,9668&#8243;][\/vc_column][\/vc_row]<\/p>\n","protected":false},"excerpt":{"rendered":"<p>[vc_row][vc_column][wiso_headings style=&#8220;text_center&#8220; title=&#8220;Bewerbungsbilder&#8220; subtitle=&#8220;BUSINESS&#8220;][\/vc_column][\/vc_row][vc_row][vc_column][vc_empty_space][\/vc_column][\/vc_row][vc_row][vc_column][vc_column_text] Der erste Eindruck z\u00e4hlt! Ein \u00fcberzeugendes Bewerbungsbild \u00f6ffnet T\u00fcren. Mit nat\u00fcrlichem Licht, der richtigen Pose und einer authentischen Ausstrahlung setze ich Dich perfekt in Szene. Ob klassisch, modern oder kreativ \u2013 gemeinsam erstellen wir ein Bild, das Professionalit\u00e4t und Pers\u00f6nlichkeit ausstrahlt. [\/vc_column_text][\/vc_column][\/vc_row][vc_row][vc_column][wiso_services style=&#8220;center&#8220; title=&#8220;Bewerbungsbilder &#8211; CHF 80&#8243;][vc_column_text] ca. 15-20 Minuten Fotoshooting &#8230;<\/p>\n","protected":false},"author":1,"featured_media":0,"parent":0,"menu_order":0,"comment_status":"closed","ping_status":"closed","template":"","meta":{"footnotes":""},"featured_image_src":null,"featured_image_src_square":null,"_links":{"self":[{"href":"https:\/\/www.ab-fotografie.net\/wp1\/wp-json\/wp\/v2\/pages\/9607"}],"collection":[{"href":"https:\/\/www.ab-fotografie.net\/wp1\/wp-json\/wp\/v2\/pages"}],"about":[{"href":"https:\/\/www.ab-fotografie.net\/wp1\/wp-json\/wp\/v2\/types\/page"}],"author":[{"embeddable":true,"href":"https:\/\/www.ab-fotografie.net\/wp1\/wp-json\/wp\/v2\/users\/1"}],"replies":[{"embeddable":true,"href":"https:\/\/www.ab-fotografie.net\/wp1\/wp-json\/wp\/v2\/comments?post=9607"}],"version-history":[{"count":11,"href":"https:\/\/www.ab-fotografie.net\/wp1\/wp-json\/wp\/v2\/pages\/9607\/revisions"}],"predecessor-version":[{"id":9672,"href":"https:\/\/www.ab-fotografie.net\/wp1\/wp-json\/wp\/v2\/pages\/9607\/revisions\/9672"}],"wp:attachment":[{"href":"https:\/\/www.ab-fotografie.net\/wp1\/wp-json\/wp\/v2\/media?parent=9607"}],"curies":[{"name":"wp","href":"https:\/\/api.w.org\/{rel}","templated":true}]}}