{"id":80,"date":"2019-08-26T12:30:59","date_gmt":"2019-08-26T12:30:59","guid":{"rendered":"https:\/\/ab-fotografie.net.194.150.248.140.dev-url.ch\/wp1\/?page_id=80"},"modified":"2024-01-15T12:09:30","modified_gmt":"2024-01-15T12:09:30","slug":"trage-bilder","status":"publish","type":"page","link":"https:\/\/www.ab-fotografie.net\/wp1\/trage-bilder\/","title":{"rendered":"TRAGEBILDER"},"content":{"rendered":"<p>[vc_row full_width=&#8220;stretch_row_content_no_spaces&#8220;][vc_column][wiso_banner style_banner=&#8220;simple&#8220; height=&#8220;medium_banner&#8220; style=&#8220;center_content&#8220; overlay=&#8220;yes&#8220; title=&#8220;Ich trage Dich wohin du willst&#8230;&#8220; image=&#8220;6337&#8243; subtitle=&#8220;Familienfotografie&#8220;][\/vc_column][\/vc_row][vc_row][vc_column][vc_empty_space][\/vc_column][\/vc_row][vc_row][vc_column][wiso_headings style=&#8220;text_center&#8220; title=&#8220;Tragebilder&#8220; subtitle=&#8220;Familienfotografie&#8220;][vc_empty_space][\/vc_column][\/vc_row][vc_row][vc_column][vc_column_text]Du und Dein Baby lieben das Tragen? Die N\u00e4he, Geborgenheit und Liebe? Du m\u00f6chtest Deine sch\u00f6nsten T\u00fccher einmal so richtig in Szene setzen, damit Du Dich immer wieder an die wundersch\u00f6ne und leider viel zu kurze Tragezeit erinnern kannst.[\/vc_column_text][vc_column_text]Auf Wunsch kannst Du auch Kleider f\u00fcr Dich und Dein Kind sowie verschiedene Accessoires (wie z.B. Blumenkr\u00e4nze, Haarb\u00e4nder o.\u00e4.) aus meinem Fundus ausleihen. Schreib Deinen W\u00fcnsche einfach bei der Buchungsanfrage dazu.[\/vc_column_text][\/vc_column][\/vc_row][vc_row][vc_column width=&#8220;1\/3&#8243;][\/vc_column][vc_column width=&#8220;1\/3&#8243;][wiso_services style=&#8220;center&#8220; title=&#8220;Tragebilder &#8211; CHF 390&#8243;][\/vc_column][vc_column width=&#8220;1\/3&#8243;][\/vc_column][\/vc_row][vc_row][vc_column][vc_column_text]<\/p>\n<ul>\n<li>ca. 1 Stunde Fotoshooting im Studio in 5630 Muri oder Outdoor in der Natur (Region Rottenschwil \/ Muri &#8211; weitere Gegenden nach Absprache)<\/li>\n<li>10 Bilder professionell bearbeitet &amp; retouchiert in Farbe &amp;\u00a0SW, in voller Aufl\u00f6sung als JPG-Datei zum Download sowie auf einem USB-Stick<\/li>\n<li>Option zum Erwerb zus\u00e4tzlicher Bilddateien (CHF 25\/Bild)<\/li>\n<li>Passwortgesch\u00fctze Onlinegalerie zur Auswahl Ihrer Bilder<\/li>\n<li>10 hochwertige Fotoabz\u00fcge in 13\u00d718, liebevoll verpackt<\/li>\n<li>Darf ich die Bilder ver\u00f6ffentlichen, erhaltet Ihr 2 zus\u00e4tzliche Bilder als Dankesch\u00f6n f\u00fcr die Ver\u00f6ffentlichungsfreigabe<\/li>\n<\/ul>\n<p>[\/vc_column_text][vc_btn title=&#8220;BOOK NOW&#8220; align=&#8220;center&#8220; link=&#8220;url:https%3A%2F%2Fwww.ab-fotografie.net%2Fwp1%2Fbook-now%2F|title:BOOK%20NOW||&#8220;][vc_empty_space][\/vc_column][\/vc_row][vc_row][vc_column][vc_media_grid grid_id=&#8220;vc_gid:1705320549878-abc4bded5e0ec8428082855b0c7556c2-10&#8243; include=&#8220;7011,7013,7010,7045,7043,7044,7038,7035,7037,7048,7047,7046,7026,7024,7025,7031,7032,7033,7017,7018,7019,7042,7040,7041,7029,7030,7027,7022,7023,7021,7020,7014,7016,7050,7049&#8243;][\/vc_column][\/vc_row][vc_row][vc_column][\/vc_column][\/vc_row]<\/p>\n","protected":false},"excerpt":{"rendered":"<p>[vc_row full_width=&#8220;stretch_row_content_no_spaces&#8220;][vc_column][wiso_banner style_banner=&#8220;simple&#8220; height=&#8220;medium_banner&#8220; style=&#8220;center_content&#8220; overlay=&#8220;yes&#8220; title=&#8220;Ich trage Dich wohin du willst&#8230;&#8220; image=&#8220;6337&#8243; subtitle=&#8220;Familienfotografie&#8220;][\/vc_column][\/vc_row][vc_row][vc_column][vc_empty_space][\/vc_column][\/vc_row][vc_row][vc_column][wiso_headings style=&#8220;text_center&#8220; title=&#8220;Tragebilder&#8220; subtitle=&#8220;Familienfotografie&#8220;][vc_empty_space][\/vc_column][\/vc_row][vc_row][vc_column][vc_column_text]Du und Dein Baby lieben das Tragen? Die N\u00e4he, Geborgenheit und Liebe? Du m\u00f6chtest Deine sch\u00f6nsten T\u00fccher einmal so richtig in Szene setzen, damit Du Dich immer wieder an die wundersch\u00f6ne und leider viel zu kurze Tragezeit erinnern kannst.[\/vc_column_text][vc_column_text]Auf &#8230;<\/p>\n","protected":false},"author":1,"featured_media":0,"parent":0,"menu_order":8,"comment_status":"closed","ping_status":"closed","template":"","meta":{"footnotes":""},"featured_image_src":null,"featured_image_src_square":null,"_links":{"self":[{"href":"https:\/\/www.ab-fotografie.net\/wp1\/wp-json\/wp\/v2\/pages\/80"}],"collection":[{"href":"https:\/\/www.ab-fotografie.net\/wp1\/wp-json\/wp\/v2\/pages"}],"about":[{"href":"https:\/\/www.ab-fotografie.net\/wp1\/wp-json\/wp\/v2\/types\/page"}],"author":[{"embeddable":true,"href":"https:\/\/www.ab-fotografie.net\/wp1\/wp-json\/wp\/v2\/users\/1"}],"replies":[{"embeddable":true,"href":"https:\/\/www.ab-fotografie.net\/wp1\/wp-json\/wp\/v2\/comments?post=80"}],"version-history":[{"count":17,"href":"https:\/\/www.ab-fotografie.net\/wp1\/wp-json\/wp\/v2\/pages\/80\/revisions"}],"predecessor-version":[{"id":9304,"href":"https:\/\/www.ab-fotografie.net\/wp1\/wp-json\/wp\/v2\/pages\/80\/revisions\/9304"}],"wp:attachment":[{"href":"https:\/\/www.ab-fotografie.net\/wp1\/wp-json\/wp\/v2\/media?parent=80"}],"curies":[{"name":"wp","href":"https:\/\/api.w.org\/{rel}","templated":true}]}}

<p>[vc_row full_width=&#8220;stretch_row_content_no_spaces&#8220;][vc_column][wiso_banner style_banner=&#8220;simple&#8220; height=&#8220;medium_banner&#8220; style=&#8220;center_content&#8220; overlay=&#8220;yes&#8220; title=&#8220;Ich trage Dich wohin du willst&#8230;&#8220; image=&#8220;6337&#8243; subtitle=&#8220;Familienfotografie&#8220;][/vc_column][/vc_row][vc_row][vc_column][vc_empty_space][/vc_column][/vc_row][vc_row][vc_column][wiso_headings style=&#8220;text_center&#8220; title=&#8220;Tragebilder&#8220; subtitle=&#8220;Familienfotografie&#8220;][vc_empty_space][/vc_column][/vc_row][vc_row][vc_column][vc_column_text]Du und Dein Baby lieben das Tragen? Die Nähe, Geborgenheit und Liebe? Du möchtest Deine schönsten Tücher einmal so richtig in Szene setzen, damit Du Dich immer wieder an die wunderschöne und leider viel zu kurze Tragezeit erinnern kannst.[/vc_column_text][vc_column_text]Auf Wunsch kannst Du auch Kleider für Dich und Dein Kind sowie verschiedene Accessoires (wie z.B. Blumenkränze, Haarbänder o.ä.) aus meinem Fundus ausleihen. Schreib Deinen Wünsche einfach bei der Buchungsanfrage dazu.[/vc_column_text][/vc_column][/vc_row][vc_row][vc_column width=&#8220;1/3&#8243;][/vc_column][vc_column width=&#8220;1/3&#8243;][wiso_services style=&#8220;center&#8220; title=&#8220;Tragebilder &#8211; CHF 390&#8243;][/vc_column][vc_column width=&#8220;1/3&#8243;][/vc_column][/vc_row][vc_row][vc_column][vc_column_text]</p>
<ul>
<li>ca. 1 Stunde Fotoshooting im Studio in 5630 Muri oder Outdoor in der Natur (Region Rottenschwil / Muri &#8211; weitere Gegenden nach Absprache)</li>
<li>10 Bilder professionell bearbeitet &amp; retouchiert in Farbe &amp; SW, in voller Auflösung als JPG-Datei zum Download sowie auf einem USB-Stick</li>
<li>Option zum Erwerb zusätzlicher Bilddateien (CHF 25/Bild)</li>
<li>Passwortgeschütze Onlinegalerie zur Auswahl Ihrer Bilder</li>
<li>10 hochwertige Fotoabzüge in 13×18, liebevoll verpackt</li>
<li>Darf ich die Bilder veröffentlichen, erhaltet Ihr 2 zusätzliche Bilder als Dankeschön für die Veröffentlichungsfreigabe</li>
</ul>
<p>[/vc_column_text][vc_btn title=&#8220;BOOK NOW&#8220; align=&#8220;center&#8220; link=&#8220;url:https%3A%2F%2Fwww.ab-fotografie.net%2Fwp1%2Fbook-now%2F|title:BOOK%20NOW||&#8220;][vc_empty_space][/vc_column][/vc_row][vc_row][vc_column][vc_media_grid grid_id=&#8220;vc_gid:1705320549878-abc4bded5e0ec8428082855b0c7556c2-10&#8243; include=&#8220;7011,7013,7010,7045,7043,7044,7038,7035,7037,7048,7047,7046,7026,7024,7025,7031,7032,7033,7017,7018,7019,7042,7040,7041,7029,7030,7027,7022,7023,7021,7020,7014,7016,7050,7049&#8243;][/vc_column][/vc_row][vc_row][vc_column][/vc_column][/vc_row]</p>

<p>[vc_row full_width=&#8220;stretch_row_content_no_spaces&#8220;][vc_column][wiso_banner style_banner=&#8220;simple&#8220; height=&#8220;medium_banner&#8220; style=&#8220;center_content&#8220; overlay=&#8220;yes&#8220; title=&#8220;Ich trage Dich wohin du willst&#8230;&#8220; image=&#8220;6337&#8243; subtitle=&#8220;Familienfotografie&#8220;][/vc_column][/vc_row][vc_row][vc_column][vc_empty_space][/vc_column][/vc_row][vc_row][vc_column][wiso_headings style=&#8220;text_center&#8220; title=&#8220;Tragebilder&#8220; subtitle=&#8220;Familienfotografie&#8220;][vc_empty_space][/vc_column][/vc_row][vc_row][vc_column][vc_column_text]Du und Dein Baby lieben das Tragen? Die Nähe, Geborgenheit und Liebe? Du möchtest Deine schönsten Tücher einmal so richtig in Szene setzen, damit Du Dich immer wieder an die wunderschöne und leider viel zu kurze Tragezeit erinnern kannst.[/vc_column_text][vc_column_text]Auf &#8230;</p>
