{"id":7519,"date":"2022-01-08T22:29:54","date_gmt":"2022-01-08T22:29:54","guid":{"rendered":"https:\/\/www.ab-fotografie.net\/wp1\/?page_id=7519"},"modified":"2023-01-07T21:14:49","modified_gmt":"2023-01-07T21:14:49","slug":"after-wedding-fotosession","status":"publish","type":"page","link":"https:\/\/www.ab-fotografie.net\/wp1\/hochzeitsfotografie\/after-wedding-fotosession\/","title":{"rendered":"AFTER WEDDING"},"content":{"rendered":"<p>[vc_row full_width=&#8220;stretch_row_content_no_spaces&#8220;][vc_column][wiso_banner style_banner=&#8220;simple&#8220; height=&#8220;medium_banner&#8220; style=&#8220;center_content&#8220; overlay=&#8220;yes&#8220; title=&#8220;After Wedding Session&#8220; image=&#8220;7600&#8243; subtitle=&#8220;Hochzeitsfotografie&#8220;][\/vc_column][\/vc_row][vc_row][vc_column][vc_empty_space][\/vc_column][\/vc_row][vc_row][vc_column][wiso_headings style=&#8220;text_center&#8220; title=&#8220;After Wedding Fotosession&#8220; subtitle=&#8220;Hochzeitsfotografie&#8220;][\/vc_column][\/vc_row][vc_row][vc_column][vc_empty_space][\/vc_column][\/vc_row][vc_row][vc_column][vc_column_text]An Eurem grossen Tag blieb keine Zeit f\u00fcr Euer Fotosession zu Zweit? Hat es wie aus Eimern gesch\u00fcttet? Oder m\u00f6chtet Ihr einfach noch einmal ins Brautkleid schl\u00fcpfen, noch einmal den Hochzeitsanzug anziehen&#8230; ganz ohne Zeitdruck, Hektik &amp; Aufregung. Einfach Ihr Zwei, ganz entspannt&#8230;<br \/>\nGemeinsam suchen wir den passenden Ort f\u00fcr Eure Fotosession &#8211; dort, wo Ihr geheiratet habt, an Eurem Lieblingsplatz oder an sonst einer besonderen Location.[\/vc_column_text][\/vc_column][\/vc_row][vc_row][vc_column][wiso_services style=&#8220;center&#8220; title=&#8220;After Wedding Fotosession &#8211; CHF 590&#8243;][\/vc_column][\/vc_row][vc_row][vc_column][vc_column_text]<\/p>\n<ul>\n<li>Vorgespr\u00e4ch (telefonisch oder online via Zoom)<\/li>\n<li>1 &#8211; 1.5 Stunden Fotosession<\/li>\n<li>die besten Bilder (ca. 50) individuell optimiert &amp; sorgf\u00e4ltig bearbeitet als hochaufl\u00f6sende JPG-Datei auf einem USB-Stick, passwortgesch\u00fctzte Online-Galerie inklusive einer pers\u00f6nlichen Highlight-Slideshow sowie 15 hochwertige Fotoabz\u00fcge (13&#215;18) liebevoll verpackt in einer Erinnerungsbox<\/li>\n<li>Anfahrt: 50km inklusive, jeder weitere km \u00e0 CHF 1.50.<\/li>\n<li>Optional: hochwertiges Fotoalbum<\/li>\n<\/ul>\n<p>[\/vc_column_text][\/vc_column][\/vc_row][vc_row][vc_column][vc_empty_space][\/vc_column][\/vc_row][vc_row full_width=&#8220;stretch_row_content_no_spaces&#8220;][vc_column][wiso_gallery type=&#8220;masonry&#8220; columns=&#8220;three_columns&#8220; images=&#8220;7556,7555,7558,7561,7563,7569,7577,7579,7581,7584,7583,7585,7571,7574,7570,7523,7525,7522,7603,7600,7602,7534,7538,7529,7547,7551,7548&#8243;][\/vc_column][\/vc_row]<\/p>\n","protected":false},"excerpt":{"rendered":"<p>[vc_row full_width=&#8220;stretch_row_content_no_spaces&#8220;][vc_column][wiso_banner style_banner=&#8220;simple&#8220; height=&#8220;medium_banner&#8220; style=&#8220;center_content&#8220; overlay=&#8220;yes&#8220; title=&#8220;After Wedding Session&#8220; image=&#8220;7600&#8243; subtitle=&#8220;Hochzeitsfotografie&#8220;][\/vc_column][\/vc_row][vc_row][vc_column][vc_empty_space][\/vc_column][\/vc_row][vc_row][vc_column][wiso_headings style=&#8220;text_center&#8220; title=&#8220;After Wedding Fotosession&#8220; subtitle=&#8220;Hochzeitsfotografie&#8220;][\/vc_column][\/vc_row][vc_row][vc_column][vc_empty_space][\/vc_column][\/vc_row][vc_row][vc_column][vc_column_text]An Eurem grossen Tag blieb keine Zeit f\u00fcr Euer Fotosession zu Zweit? Hat es wie aus Eimern gesch\u00fcttet? Oder m\u00f6chtet Ihr einfach noch einmal ins Brautkleid schl\u00fcpfen, noch einmal den Hochzeitsanzug anziehen&#8230; ganz ohne Zeitdruck, Hektik &amp; Aufregung. Einfach Ihr &#8230;<\/p>\n","protected":false},"author":1,"featured_media":0,"parent":1329,"menu_order":3,"comment_status":"closed","ping_status":"closed","template":"","meta":{"footnotes":""},"featured_image_src":null,"featured_image_src_square":null,"_links":{"self":[{"href":"https:\/\/www.ab-fotografie.net\/wp1\/wp-json\/wp\/v2\/pages\/7519"}],"collection":[{"href":"https:\/\/www.ab-fotografie.net\/wp1\/wp-json\/wp\/v2\/pages"}],"about":[{"href":"https:\/\/www.ab-fotografie.net\/wp1\/wp-json\/wp\/v2\/types\/page"}],"author":[{"embeddable":true,"href":"https:\/\/www.ab-fotografie.net\/wp1\/wp-json\/wp\/v2\/users\/1"}],"replies":[{"embeddable":true,"href":"https:\/\/www.ab-fotografie.net\/wp1\/wp-json\/wp\/v2\/comments?post=7519"}],"version-history":[{"count":12,"href":"https:\/\/www.ab-fotografie.net\/wp1\/wp-json\/wp\/v2\/pages\/7519\/revisions"}],"predecessor-version":[{"id":8963,"href":"https:\/\/www.ab-fotografie.net\/wp1\/wp-json\/wp\/v2\/pages\/7519\/revisions\/8963"}],"up":[{"embeddable":true,"href":"https:\/\/www.ab-fotografie.net\/wp1\/wp-json\/wp\/v2\/pages\/1329"}],"wp:attachment":[{"href":"https:\/\/www.ab-fotografie.net\/wp1\/wp-json\/wp\/v2\/media?parent=7519"}],"curies":[{"name":"wp","href":"https:\/\/api.w.org\/{rel}","templated":true}]}}