{"id":64,"date":"2019-08-26T12:23:58","date_gmt":"2019-08-26T12:23:58","guid":{"rendered":"https:\/\/ab-fotografie.net.194.150.248.140.dev-url.ch\/wp1\/?page_id=64"},"modified":"2026-02-22T22:21:52","modified_gmt":"2026-02-22T22:21:52","slug":"9-months","status":"publish","type":"page","link":"https:\/\/www.ab-fotografie.net\/wp1\/9-months\/","title":{"rendered":"9 MONTHS"},"content":{"rendered":"<p>[vc_row full_width=&#8220;stretch_row_content_no_spaces&#8220;][vc_column][wiso_banner style_banner=&#8220;simple&#8220; height=&#8220;medium_banner&#8220; style=&#8220;center_content&#8220; overlay=&#8220;yes&#8220; title=&#8220;9 Months&#8220; image=&#8220;8365&#8243; subtitle=&#8220;Babybauch \/ Schwangerschaftsfotografie&#8220;][\/vc_column][\/vc_row][vc_row][vc_column][vc_empty_space][\/vc_column][\/vc_row][vc_row][vc_column][wiso_headings style=&#8220;text_center&#8220; title=&#8220;Babybauch-Session&#8220; subtitle=&#8220;Schwangerschaftsfotografie&#8220;][\/vc_column][\/vc_row][vc_row][vc_column][vc_empty_space][\/vc_column][\/vc_row][vc_row][vc_column][vc_column_text]Gerne halte ich f\u00fcr Dich diese einmalige, wundervolle &amp; spannende Zeit Deiner Schwangerschaft auf zeitlosen, eleganten &amp; emotionalen Bilder fest.<br \/>\nBeim Shooting darf der werdende Papa und\/oder Geschwisterkinder selbstverst\u00e4ndlich auch mit dabei sein.<br \/>\nF\u00fcr das Shooting darfst Du aus meinem prall gef\u00fcllten &#8222;<a href=\"https:\/\/www.ab-fotografie.net\/wp1\/client-closet\/\">Client Closet<\/a>&#8220; (Shootingkleiderschrank) eins, zwei oder drei wundersch\u00f6ne Schwangerschaftskleider oder Bodies aussuchen &amp; ausleihen. Und auch f\u00fcr die kleinen Geschwisterchen ist Kleidung passend zu Mamas Kleid vorhanden.<br \/>\nSelbstverst\u00e4ndlich darfst Du auch Deine eigene Kleidung zum Shooting mitbringen &#8211; schreib mir Deine W\u00fcnsche &amp; Vorstellungen einfach bei der Buchung mit dazu.<\/p>\n<p>Deine Babybauch-Fotosession kann draussen in der Natur stattfinden oder in meinem Fotostudio in Muri.[\/vc_column_text][\/vc_column][\/vc_row][vc_row][vc_column][wiso_services style=&#8220;center&#8220; title=&#8220;9 Months &#8211; CHF 390&#8243;][vc_column_text]<\/p>\n<ul>\n<li>ca. 1 Stunde Fotoshooting im Studio in 5630 Muri oder Outdoor in der Natur<\/li>\n<li>10 Bilder professionell bearbeitet &amp; retouchiert in Farbe &amp;\u00a0SW, in voller Aufl\u00f6sung als JPG-Datei zum Download sowie auf einem USB-Stick<\/li>\n<li>Option zum Erwerb zus\u00e4tzlicher Bilddateien (CHF 25\/Bild)<\/li>\n<li>Passwortgesch\u00fctze Onlinegalerie zur Auswahl Ihrer Bilder<\/li>\n<li>10 hochwertige Fotoabz\u00fcge in 13&#215;18, liebevoll verpackt<\/li>\n<li>Darf ich die Bilder ver\u00f6ffentlichen, erhaltet Ihr 2 zus\u00e4tzliche Bilder als Dankesch\u00f6n f\u00fcr die Ver\u00f6ffentlichungsfreigabe<\/li>\n<\/ul>\n<p>[\/vc_column_text][\/vc_column][\/vc_row][vc_row][vc_column][vc_empty_space][\/vc_column][\/vc_row][vc_row][vc_column][vc_btn title=&#8220;Book Now&#8220; align=&#8220;center&#8220; link=&#8220;url:https%3A%2F%2Fwww.ab-fotografie.net%2Fwp1%2Fbook-now%2F|title:Book%20Now||&#8220;][\/vc_column][\/vc_row][vc_row][vc_column][vc_empty_space][\/vc_column][\/vc_row][vc_row full_width=&#8220;stretch_row_content&#8220;][vc_column][wiso_gallery type=&#8220;masonry&#8220; columns=&#8220;three_columns&#8220; images=&#8220;10202,10260,10206,8307,8344,8387,8485,8422,8404,7290,7284,7288,10176,10229,10150,8473,8347,10270,8393,10288,10276,10200,10280,8388,8328,8487,8369,8309,8380,8479,8365,8390,10224,10300,10310,8321,8355,8416,10207,10304,10171,8318,8351,10141,8362,8401,8438,8417,8488,8493,8509,8463,8449,8452,8448,8430,8427,8425,8409,8406,8502,8440,8439,8397,8330,10285,10267,10262,10233,10215,10153,7291,7289,7283,7287,7286,7285&#8243;][\/vc_column][\/vc_row]<\/p>\n","protected":false},"excerpt":{"rendered":"<p>[vc_row full_width=&#8220;stretch_row_content_no_spaces&#8220;][vc_column][wiso_banner style_banner=&#8220;simple&#8220; height=&#8220;medium_banner&#8220; style=&#8220;center_content&#8220; overlay=&#8220;yes&#8220; title=&#8220;9 Months&#8220; image=&#8220;8365&#8243; subtitle=&#8220;Babybauch \/ Schwangerschaftsfotografie&#8220;][\/vc_column][\/vc_row][vc_row][vc_column][vc_empty_space][\/vc_column][\/vc_row][vc_row][vc_column][wiso_headings style=&#8220;text_center&#8220; title=&#8220;Babybauch-Session&#8220; subtitle=&#8220;Schwangerschaftsfotografie&#8220;][\/vc_column][\/vc_row][vc_row][vc_column][vc_empty_space][\/vc_column][\/vc_row][vc_row][vc_column][vc_column_text]Gerne halte ich f\u00fcr Dich diese einmalige, wundervolle &amp; spannende Zeit Deiner Schwangerschaft auf zeitlosen, eleganten &amp; emotionalen Bilder fest. Beim Shooting darf der werdende Papa und\/oder Geschwisterkinder selbstverst\u00e4ndlich auch mit dabei sein. F\u00fcr das Shooting darfst Du aus meinem prall &#8230;<\/p>\n","protected":false},"author":1,"featured_media":59,"parent":0,"menu_order":1,"comment_status":"closed","ping_status":"closed","template":"","meta":{"footnotes":""},"featured_image_src":"https:\/\/www.ab-fotografie.net\/wp1\/wp-content\/uploads\/2019\/08\/MG_1779-scaled.jpg","featured_image_src_square":"https:\/\/www.ab-fotografie.net\/wp1\/wp-content\/uploads\/2019\/08\/MG_1779-scaled.jpg","_links":{"self":[{"href":"https:\/\/www.ab-fotografie.net\/wp1\/wp-json\/wp\/v2\/pages\/64"}],"collection":[{"href":"https:\/\/www.ab-fotografie.net\/wp1\/wp-json\/wp\/v2\/pages"}],"about":[{"href":"https:\/\/www.ab-fotografie.net\/wp1\/wp-json\/wp\/v2\/types\/page"}],"author":[{"embeddable":true,"href":"https:\/\/www.ab-fotografie.net\/wp1\/wp-json\/wp\/v2\/users\/1"}],"replies":[{"embeddable":true,"href":"https:\/\/www.ab-fotografie.net\/wp1\/wp-json\/wp\/v2\/comments?post=64"}],"version-history":[{"count":38,"href":"https:\/\/www.ab-fotografie.net\/wp1\/wp-json\/wp\/v2\/pages\/64\/revisions"}],"predecessor-version":[{"id":10312,"href":"https:\/\/www.ab-fotografie.net\/wp1\/wp-json\/wp\/v2\/pages\/64\/revisions\/10312"}],"wp:featuredmedia":[{"embeddable":true,"href":"https:\/\/www.ab-fotografie.net\/wp1\/wp-json\/wp\/v2\/media\/59"}],"wp:attachment":[{"href":"https:\/\/www.ab-fotografie.net\/wp1\/wp-json\/wp\/v2\/media?parent=64"}],"curies":[{"name":"wp","href":"https:\/\/api.w.org\/{rel}","templated":true}]}}

<p>[vc_row full_width=&#8220;stretch_row_content_no_spaces&#8220;][vc_column][wiso_banner style_banner=&#8220;simple&#8220; height=&#8220;medium_banner&#8220; style=&#8220;center_content&#8220; overlay=&#8220;yes&#8220; title=&#8220;9 Months&#8220; image=&#8220;8365&#8243; subtitle=&#8220;Babybauch / Schwangerschaftsfotografie&#8220;][/vc_column][/vc_row][vc_row][vc_column][vc_empty_space][/vc_column][/vc_row][vc_row][vc_column][wiso_headings style=&#8220;text_center&#8220; title=&#8220;Babybauch-Session&#8220; subtitle=&#8220;Schwangerschaftsfotografie&#8220;][/vc_column][/vc_row][vc_row][vc_column][vc_empty_space][/vc_column][/vc_row][vc_row][vc_column][vc_column_text]Gerne halte ich für Dich diese einmalige, wundervolle &amp; spannende Zeit Deiner Schwangerschaft auf zeitlosen, eleganten &amp; emotionalen Bilder fest.<br />
Beim Shooting darf der werdende Papa und/oder Geschwisterkinder selbstverständlich auch mit dabei sein.<br />
Für das Shooting darfst Du aus meinem prall gefüllten &#8222;<a href="https://www.ab-fotografie.net/wp1/client-closet/">Client Closet</a>&#8220; (Shootingkleiderschrank) eins, zwei oder drei wunderschöne Schwangerschaftskleider oder Bodies aussuchen &amp; ausleihen. Und auch für die kleinen Geschwisterchen ist Kleidung passend zu Mamas Kleid vorhanden.<br />
Selbstverständlich darfst Du auch Deine eigene Kleidung zum Shooting mitbringen &#8211; schreib mir Deine Wünsche &amp; Vorstellungen einfach bei der Buchung mit dazu.</p>
<p>Deine Babybauch-Fotosession kann draussen in der Natur stattfinden oder in meinem Fotostudio in Muri.[/vc_column_text][/vc_column][/vc_row][vc_row][vc_column][wiso_services style=&#8220;center&#8220; title=&#8220;9 Months &#8211; CHF 390&#8243;][vc_column_text]</p>
<ul>
<li>ca. 1 Stunde Fotoshooting im Studio in 5630 Muri oder Outdoor in der Natur</li>
<li>10 Bilder professionell bearbeitet &amp; retouchiert in Farbe &amp; SW, in voller Auflösung als JPG-Datei zum Download sowie auf einem USB-Stick</li>
<li>Option zum Erwerb zusätzlicher Bilddateien (CHF 25/Bild)</li>
<li>Passwortgeschütze Onlinegalerie zur Auswahl Ihrer Bilder</li>
<li>10 hochwertige Fotoabzüge in 13&#215;18, liebevoll verpackt</li>
<li>Darf ich die Bilder veröffentlichen, erhaltet Ihr 2 zusätzliche Bilder als Dankeschön für die Veröffentlichungsfreigabe</li>
</ul>
<p>[/vc_column_text][/vc_column][/vc_row][vc_row][vc_column][vc_empty_space][/vc_column][/vc_row][vc_row][vc_column][vc_btn title=&#8220;Book Now&#8220; align=&#8220;center&#8220; link=&#8220;url:https%3A%2F%2Fwww.ab-fotografie.net%2Fwp1%2Fbook-now%2F|title:Book%20Now||&#8220;][/vc_column][/vc_row][vc_row][vc_column][vc_empty_space][/vc_column][/vc_row][vc_row full_width=&#8220;stretch_row_content&#8220;][vc_column][wiso_gallery type=&#8220;masonry&#8220; columns=&#8220;three_columns&#8220; images=&#8220;10202,10260,10206,8307,8344,8387,8485,8422,8404,7290,7284,7288,10176,10229,10150,8473,8347,10270,8393,10288,10276,10200,10280,8388,8328,8487,8369,8309,8380,8479,8365,8390,10224,10300,10310,8321,8355,8416,10207,10304,10171,8318,8351,10141,8362,8401,8438,8417,8488,8493,8509,8463,8449,8452,8448,8430,8427,8425,8409,8406,8502,8440,8439,8397,8330,10285,10267,10262,10233,10215,10153,7291,7289,7283,7287,7286,7285&#8243;][/vc_column][/vc_row]</p>

<p>[vc_row full_width=&#8220;stretch_row_content_no_spaces&#8220;][vc_column][wiso_banner style_banner=&#8220;simple&#8220; height=&#8220;medium_banner&#8220; style=&#8220;center_content&#8220; overlay=&#8220;yes&#8220; title=&#8220;9 Months&#8220; image=&#8220;8365&#8243; subtitle=&#8220;Babybauch / Schwangerschaftsfotografie&#8220;][/vc_column][/vc_row][vc_row][vc_column][vc_empty_space][/vc_column][/vc_row][vc_row][vc_column][wiso_headings style=&#8220;text_center&#8220; title=&#8220;Babybauch-Session&#8220; subtitle=&#8220;Schwangerschaftsfotografie&#8220;][/vc_column][/vc_row][vc_row][vc_column][vc_empty_space][/vc_column][/vc_row][vc_row][vc_column][vc_column_text]Gerne halte ich für Dich diese einmalige, wundervolle &amp; spannende Zeit Deiner Schwangerschaft auf zeitlosen, eleganten &amp; emotionalen Bilder fest. Beim Shooting darf der werdende Papa und/oder Geschwisterkinder selbstverständlich auch mit dabei sein. Für das Shooting darfst Du aus meinem prall &#8230;</p>
