{"id":4953,"date":"2018-05-24T11:47:33","date_gmt":"2018-05-24T11:47:33","guid":{"rendered":"http:\/\/w4.themedemo.co\/wiso\/?page_id=4953"},"modified":"2021-03-14T21:35:05","modified_gmt":"2021-03-14T21:35:05","slug":"eure-fotografin","status":"publish","type":"page","link":"https:\/\/www.ab-fotografie.net\/wp1\/eure-fotografin\/","title":{"rendered":"EURE FOTOGRAFIN"},"content":{"rendered":"<p>[vc_row full_width=&#8220;stretch_row_content_no_spaces&#8220; desctop_mb=&#8220;margin-lg-60b&#8220; mobile_mb=&#8220;margin-xs-20b&#8220;][vc_column][wiso_banner style_banner=&#8220;simple&#8220; style=&#8220;center_content&#8220; title=&#8220;EURE FOTOGRAFIN&#8220; image=&#8220;590&#8243;][\/vc_column][\/vc_row][vc_row desctop_lg_pt=&#8220;padding-lg-50t&#8220; desctop_lg_pb=&#8220;padding-lg-60b&#8220; desctop_pt=&#8220;padding-md-30t&#8220; desctop_pb=&#8220;padding-md-40b&#8220; mobile_pt=&#8220;padding-xs-10t&#8220;][vc_column width=&#8220;1\/2&#8243; offset=&#8220;vc_col-lg-4 vc_col-md-6 vc_hidden-xs&#8220;][vc_single_image image=&#8220;7510&#8243; img_size=&#8220;full&#8220;][vc_single_image image=&#8220;7512&#8243; img_size=&#8220;full&#8220;][\/vc_column][vc_column width=&#8220;1\/2&#8243; offset=&#8220;vc_col-lg-8 vc_col-md-6&#8243;][wiso_about style=&#8220;simple&#8220; btn_style=&#8220;a-btn-3&#8243; title=&#8220;Annina Bannwart&#8220; subtitle=&#8220;Eure Fotografin&#8220; button=&#8220;url:https%3A%2F%2Fwww.ab-fotografie.net%2Fwp1%2Fkontakt%2F|title:Schreib%20mir!|target:%20_blank|&#8220;]Fotografiert hab ich eigentlich schon immer gerne &#8211; um besondere Momente &amp; Erlebnisse festzuhalten und mich immer wieder an den sch\u00f6nen Bildern erfreuen zu k\u00f6nnen.<\/p>\n<p>2009 hab ich mir meine erste Spiegelreflexkamera gekauft und was als Hobby begann, hat sich zur Passion und schliesslich sogar zu meinem Beruf entwickelt.<\/p>\n<p>Als im Mai 2014 meine Tochter geboren wurde, habe ich meinen kaufm\u00e4nnischen Beruf an den Nagel geh\u00e4ngt und mich, neben meiner neuen Aufgabe als Mama, nur noch auf die Arbeit als Fotografin konzentriert.<\/p>\n<p>Mit dem Mama-sein hat sich auch der Schwerpunkt meiner Arbeit etwas ge\u00e4ndert &#8211; neben Hochzeiten liegt mein Fokus haupts\u00e4chlich auf der Familienfotografie (Schwangerschaft, Newborn, Kinder, &#8230;) sowie Still- und Tragefotos und Geburtsfotografie.<\/p>\n<p>Seit dem Fr\u00fchjahr 2019 darf ich auch f\u00fcr Herzensbilder t\u00e4tig sein &#8211; eine wundervolle Organisation, welche Familien im Sturm \u00a0die Bilder schenkt, die so wertvoll sein werden. Mehr zu Herzensbilder findet Ihr auf www.herzensbilder.ch.[\/wiso_about][\/vc_column][\/vc_row][vc_row desctop_mb=&#8220;margin-lg-100b&#8220; desctop_md_mb=&#8220;margin-md-80b&#8220; tablets_mb=&#8220;margin-sm-55b&#8220; mobile_mb=&#8220;margin-xs-35b&#8220;][vc_column][wiso_headings style=&#8220;text_center&#8220; title=&#8220;Ein paar Fakten \u00fcber mich&#8220; subtitle=&#8220;Pers\u00f6nliches&#8220;][\/vc_column][\/vc_row][vc_row desctop_mb=&#8220;margin-lg-60b&#8220; desctop_lg_pt=&#8220;padding-lg-45t&#8220; desctop_lg_pb=&#8220;padding-lg-80b&#8220; tablets_pt=&#8220;padding-sm-15t&#8220; tablets_pb=&#8220;padding-sm-50b&#8220; css=&#8220;.vc_custom_1527595642166{background-color: #fcf9f6 !important;}&#8220;][vc_column][wiso_about style=&#8220;slider&#8220; slider_items=&#8220;%5B%7B%22title%22%3A%22Fact%20%231%3A%20FAMILIENMENSCH%22%2C%22description%22%3A%22Ich%20bin%20ein%20totaler%20Familienmensch%20-%20meine%20beiden%20Kinder%20und%20meine%20Familie%20sind%20mir%20das%20allerwichtigste%20auf%20der%20Welt&#8230;%22%7D%2C%7B%22title%22%3A%22Fact%20%232%3A%20LEBENSFREUDE%22%2C%22description%22%3A%22Ich%20bin%20ein%20sehr%20positiv%20denkender%20Mensch%20%26%20mir%20ist%20Freude%2C%20Herzlichkeit%20%26%20Fr%C3%B6hlichkeit%20sehr%20wichtig.%20Ich%20lache%20gern%20viel%20und%20oft%20%26%20bin%20f%C3%BCr%20fast%20jeden%20Spass%20zu%20haben&#8230;%22%7D%2C%7B%22title%22%3A%22Fact%20%233%3A%20FERNSEH-SERIEN%22%2C%22description%22%3A%22Ich%20gebe%20es%20zu%20-%20ich%20liebe%20TV-Serien&#8230;%20Grey&#8217;s%20Anatomy%3F%20Game%20of%20Thrones%3F%20Na%20klar%20doch!%20Genau%20wie%20The%20Walking%20Dead%20oder%20Jane%20the%20Virgin&#8230;%20Ich%20liebe%20sie%20(fast)%20alle%20%26%20ich%20verpasse%20(dank%20Netflix%20%26%20Replay)%20keine%20Folge%20%3B-)%22%7D%2C%7B%22title%22%3A%22Fact%20%234%3A%20AUTOFAHR-K%C3%9CNSTE%22%2C%22description%22%3A%22Ich%20fahre%20super%20gerne%20Auto%20-%20und%20singe%20dabei%20liebend%20gern%20lauthals%20meine%20liebsten%20Songs%20im%20Radio%20mit%20-%20sehr%20zum%20%C3%84rger%20meines%20Mannes%20%3B-)%20-%20nur%20wenn%20Ihr%20meinen%20Mann%20fragt%2C%20bin%20ich%20die%20wohl%20schlechteste%20Autofahrerin%20der%20Welt&#8230;%20Was%20ich%20nat%C3%BCrlich%20vehement%20dementiere%20%3B-)%22%7D%5D&#8220;][\/wiso_about][\/vc_column][\/vc_row]<\/p>\n","protected":false},"excerpt":{"rendered":"<p>[vc_row full_width=&#8220;stretch_row_content_no_spaces&#8220; desctop_mb=&#8220;margin-lg-60b&#8220; mobile_mb=&#8220;margin-xs-20b&#8220;][vc_column][wiso_banner style_banner=&#8220;simple&#8220; style=&#8220;center_content&#8220; title=&#8220;EURE FOTOGRAFIN&#8220; image=&#8220;590&#8243;][\/vc_column][\/vc_row][vc_row desctop_lg_pt=&#8220;padding-lg-50t&#8220; desctop_lg_pb=&#8220;padding-lg-60b&#8220; desctop_pt=&#8220;padding-md-30t&#8220; desctop_pb=&#8220;padding-md-40b&#8220; mobile_pt=&#8220;padding-xs-10t&#8220;][vc_column width=&#8220;1\/2&#8243; offset=&#8220;vc_col-lg-4 vc_col-md-6 vc_hidden-xs&#8220;][vc_single_image image=&#8220;7510&#8243; img_size=&#8220;full&#8220;][vc_single_image image=&#8220;7512&#8243; img_size=&#8220;full&#8220;][\/vc_column][vc_column width=&#8220;1\/2&#8243; offset=&#8220;vc_col-lg-8 vc_col-md-6&#8243;][wiso_about style=&#8220;simple&#8220; btn_style=&#8220;a-btn-3&#8243; title=&#8220;Annina Bannwart&#8220; subtitle=&#8220;Eure Fotografin&#8220; button=&#8220;url:https%3A%2F%2Fwww.ab-fotografie.net%2Fwp1%2Fkontakt%2F|title:Schreib%20mir!|target:%20_blank|&#8220;]Fotografiert hab ich eigentlich schon immer gerne &#8211; um besondere Momente &amp; Erlebnisse festzuhalten und mich immer wieder an den sch\u00f6nen Bildern erfreuen zu &#8230;<\/p>\n","protected":false},"author":1,"featured_media":0,"parent":0,"menu_order":0,"comment_status":"closed","ping_status":"closed","template":"","meta":{"footnotes":""},"featured_image_src":null,"featured_image_src_square":null,"_links":{"self":[{"href":"https:\/\/www.ab-fotografie.net\/wp1\/wp-json\/wp\/v2\/pages\/4953"}],"collection":[{"href":"https:\/\/www.ab-fotografie.net\/wp1\/wp-json\/wp\/v2\/pages"}],"about":[{"href":"https:\/\/www.ab-fotografie.net\/wp1\/wp-json\/wp\/v2\/types\/page"}],"author":[{"embeddable":true,"href":"https:\/\/www.ab-fotografie.net\/wp1\/wp-json\/wp\/v2\/users\/1"}],"replies":[{"embeddable":true,"href":"https:\/\/www.ab-fotografie.net\/wp1\/wp-json\/wp\/v2\/comments?post=4953"}],"version-history":[{"count":9,"href":"https:\/\/www.ab-fotografie.net\/wp1\/wp-json\/wp\/v2\/pages\/4953\/revisions"}],"predecessor-version":[{"id":7616,"href":"https:\/\/www.ab-fotografie.net\/wp1\/wp-json\/wp\/v2\/pages\/4953\/revisions\/7616"}],"wp:attachment":[{"href":"https:\/\/www.ab-fotografie.net\/wp1\/wp-json\/wp\/v2\/media?parent=4953"}],"curies":[{"name":"wp","href":"https:\/\/api.w.org\/{rel}","templated":true}]}}

<p>[vc_row full_width=&#8220;stretch_row_content_no_spaces&#8220; desctop_mb=&#8220;margin-lg-60b&#8220; mobile_mb=&#8220;margin-xs-20b&#8220;][vc_column][wiso_banner style_banner=&#8220;simple&#8220; style=&#8220;center_content&#8220; title=&#8220;EURE FOTOGRAFIN&#8220; image=&#8220;590&#8243;][/vc_column][/vc_row][vc_row desctop_lg_pt=&#8220;padding-lg-50t&#8220; desctop_lg_pb=&#8220;padding-lg-60b&#8220; desctop_pt=&#8220;padding-md-30t&#8220; desctop_pb=&#8220;padding-md-40b&#8220; mobile_pt=&#8220;padding-xs-10t&#8220;][vc_column width=&#8220;1/2&#8243; offset=&#8220;vc_col-lg-4 vc_col-md-6 vc_hidden-xs&#8220;][vc_single_image image=&#8220;7510&#8243; img_size=&#8220;full&#8220;][vc_single_image image=&#8220;7512&#8243; img_size=&#8220;full&#8220;][/vc_column][vc_column width=&#8220;1/2&#8243; offset=&#8220;vc_col-lg-8 vc_col-md-6&#8243;][wiso_about style=&#8220;simple&#8220; btn_style=&#8220;a-btn-3&#8243; title=&#8220;Annina Bannwart&#8220; subtitle=&#8220;Eure Fotografin&#8220; button=&#8220;url:https%3A%2F%2Fwww.ab-fotografie.net%2Fwp1%2Fkontakt%2F|title:Schreib%20mir!|target:%20_blank|&#8220;]Fotografiert hab ich eigentlich schon immer gerne &#8211; um besondere Momente &amp; Erlebnisse festzuhalten und mich immer wieder an den schönen Bildern erfreuen zu können.</p>
<p>2009 hab ich mir meine erste Spiegelreflexkamera gekauft und was als Hobby begann, hat sich zur Passion und schliesslich sogar zu meinem Beruf entwickelt.</p>
<p>Als im Mai 2014 meine Tochter geboren wurde, habe ich meinen kaufmännischen Beruf an den Nagel gehängt und mich, neben meiner neuen Aufgabe als Mama, nur noch auf die Arbeit als Fotografin konzentriert.</p>
<p>Mit dem Mama-sein hat sich auch der Schwerpunkt meiner Arbeit etwas geändert &#8211; neben Hochzeiten liegt mein Fokus hauptsächlich auf der Familienfotografie (Schwangerschaft, Newborn, Kinder, &#8230;) sowie Still- und Tragefotos und Geburtsfotografie.</p>
<p>Seit dem Frühjahr 2019 darf ich auch für Herzensbilder tätig sein &#8211; eine wundervolle Organisation, welche Familien im Sturm  die Bilder schenkt, die so wertvoll sein werden. Mehr zu Herzensbilder findet Ihr auf www.herzensbilder.ch.[/wiso_about][/vc_column][/vc_row][vc_row desctop_mb=&#8220;margin-lg-100b&#8220; desctop_md_mb=&#8220;margin-md-80b&#8220; tablets_mb=&#8220;margin-sm-55b&#8220; mobile_mb=&#8220;margin-xs-35b&#8220;][vc_column][wiso_headings style=&#8220;text_center&#8220; title=&#8220;Ein paar Fakten über mich&#8220; subtitle=&#8220;Persönliches&#8220;][/vc_column][/vc_row][vc_row desctop_mb=&#8220;margin-lg-60b&#8220; desctop_lg_pt=&#8220;padding-lg-45t&#8220; desctop_lg_pb=&#8220;padding-lg-80b&#8220; tablets_pt=&#8220;padding-sm-15t&#8220; tablets_pb=&#8220;padding-sm-50b&#8220; css=&#8220;.vc_custom_1527595642166{background-color: #fcf9f6 !important;}&#8220;][vc_column][wiso_about style=&#8220;slider&#8220; slider_items=&#8220;%5B%7B%22title%22%3A%22Fact%20%231%3A%20FAMILIENMENSCH%22%2C%22description%22%3A%22Ich%20bin%20ein%20totaler%20Familienmensch%20-%20meine%20beiden%20Kinder%20und%20meine%20Familie%20sind%20mir%20das%20allerwichtigste%20auf%20der%20Welt&#8230;%22%7D%2C%7B%22title%22%3A%22Fact%20%232%3A%20LEBENSFREUDE%22%2C%22description%22%3A%22Ich%20bin%20ein%20sehr%20positiv%20denkender%20Mensch%20%26%20mir%20ist%20Freude%2C%20Herzlichkeit%20%26%20Fr%C3%B6hlichkeit%20sehr%20wichtig.%20Ich%20lache%20gern%20viel%20und%20oft%20%26%20bin%20f%C3%BCr%20fast%20jeden%20Spass%20zu%20haben&#8230;%22%7D%2C%7B%22title%22%3A%22Fact%20%233%3A%20FERNSEH-SERIEN%22%2C%22description%22%3A%22Ich%20gebe%20es%20zu%20-%20ich%20liebe%20TV-Serien&#8230;%20Grey&#8217;s%20Anatomy%3F%20Game%20of%20Thrones%3F%20Na%20klar%20doch!%20Genau%20wie%20The%20Walking%20Dead%20oder%20Jane%20the%20Virgin&#8230;%20Ich%20liebe%20sie%20(fast)%20alle%20%26%20ich%20verpasse%20(dank%20Netflix%20%26%20Replay)%20keine%20Folge%20%3B-)%22%7D%2C%7B%22title%22%3A%22Fact%20%234%3A%20AUTOFAHR-K%C3%9CNSTE%22%2C%22description%22%3A%22Ich%20fahre%20super%20gerne%20Auto%20-%20und%20singe%20dabei%20liebend%20gern%20lauthals%20meine%20liebsten%20Songs%20im%20Radio%20mit%20-%20sehr%20zum%20%C3%84rger%20meines%20Mannes%20%3B-)%20-%20nur%20wenn%20Ihr%20meinen%20Mann%20fragt%2C%20bin%20ich%20die%20wohl%20schlechteste%20Autofahrerin%20der%20Welt&#8230;%20Was%20ich%20nat%C3%BCrlich%20vehement%20dementiere%20%3B-)%22%7D%5D&#8220;][/wiso_about][/vc_column][/vc_row]</p>

<p>[vc_row full_width=&#8220;stretch_row_content_no_spaces&#8220; desctop_mb=&#8220;margin-lg-60b&#8220; mobile_mb=&#8220;margin-xs-20b&#8220;][vc_column][wiso_banner style_banner=&#8220;simple&#8220; style=&#8220;center_content&#8220; title=&#8220;EURE FOTOGRAFIN&#8220; image=&#8220;590&#8243;][/vc_column][/vc_row][vc_row desctop_lg_pt=&#8220;padding-lg-50t&#8220; desctop_lg_pb=&#8220;padding-lg-60b&#8220; desctop_pt=&#8220;padding-md-30t&#8220; desctop_pb=&#8220;padding-md-40b&#8220; mobile_pt=&#8220;padding-xs-10t&#8220;][vc_column width=&#8220;1/2&#8243; offset=&#8220;vc_col-lg-4 vc_col-md-6 vc_hidden-xs&#8220;][vc_single_image image=&#8220;7510&#8243; img_size=&#8220;full&#8220;][vc_single_image image=&#8220;7512&#8243; img_size=&#8220;full&#8220;][/vc_column][vc_column width=&#8220;1/2&#8243; offset=&#8220;vc_col-lg-8 vc_col-md-6&#8243;][wiso_about style=&#8220;simple&#8220; btn_style=&#8220;a-btn-3&#8243; title=&#8220;Annina Bannwart&#8220; subtitle=&#8220;Eure Fotografin&#8220; button=&#8220;url:https%3A%2F%2Fwww.ab-fotografie.net%2Fwp1%2Fkontakt%2F|title:Schreib%20mir!|target:%20_blank|&#8220;]Fotografiert hab ich eigentlich schon immer gerne &#8211; um besondere Momente &amp; Erlebnisse festzuhalten und mich immer wieder an den schönen Bildern erfreuen zu &#8230;</p>
