{"id":1333,"date":"2019-09-07T22:09:00","date_gmt":"2019-09-07T22:09:00","guid":{"rendered":"https:\/\/www.ab-fotografie.net\/wp1\/?page_id=1333"},"modified":"2023-01-07T23:47:08","modified_gmt":"2023-01-07T23:47:08","slug":"ja-ich-will","status":"publish","type":"page","link":"https:\/\/www.ab-fotografie.net\/wp1\/hochzeitsfotografie\/ja-ich-will\/","title":{"rendered":"JA ICH WILL!"},"content":{"rendered":"<p>[vc_row full_width=&#8220;stretch_row_content_no_spaces&#8220;][vc_column][wiso_banner style_banner=&#8220;simple&#8220; height=&#8220;medium_banner&#8220; style=&#8220;center_content&#8220; overlay=&#8220;yes&#8220; title=&#8220;JA ICH WILL&#8220; image=&#8220;6325&#8243; subtitle=&#8220;Hochzeitsfotografie&#8220;][\/vc_column][\/vc_row][vc_row][vc_column][vc_empty_space][\/vc_column][\/vc_row][vc_row desctop_mb=&#8220;margin-lg-100b&#8220; desctop_md_mb=&#8220;margin-md-80b&#8220; tablets_mb=&#8220;margin-sm-55b&#8220; mobile_mb=&#8220;margin-xs-35b&#8220;][vc_column][wiso_headings style=&#8220;text_center&#8220; title=&#8220;Nat\u00fcrliche, zeitlose &#038; emotionale Bilder, die das Gl\u00fcck widerspiegeln&#8220; subtitle=&#8220;Hochzeitsfotografie&#8220;][vc_empty_space][vc_column_text]Ich liebe Hochzeiten! Das gl\u00fccklich strahlende Brautpaar, die feierliche Stimmung, die Freudentr\u00e4nen beim Ja-Wort, die liebevoll gestalteten Details wie der passende Blumenschmuck &amp; die Dekoration&#8230; All diese besonderen Momente Eures Tages halte ich f\u00fcr Euch fest &#8211; auf emotionalen, gef\u00fchlvollen, nat\u00fcrlichen &amp; zeitlosen Bildern, die diesen gl\u00fccklichen Tag widerspiegeln.<\/p>\n<p>Vom <strong>Getting Ready<\/strong> \u00fcber den <strong>First Look<\/strong>, <strong>Paarshooting<\/strong>, <strong>Trauung<\/strong>, <strong>Apero<\/strong> &amp; Gruppenbilder, <strong>abendliche Feier<\/strong>, den <strong>ersten gemeinsamen Tanz<\/strong> als Ehepaar oder das <strong>Anschneiden der Hochzeitstorte<\/strong> &#8211; ganz egal, wie Ihr Euren Tag geplant hat &#8211; ich begleite Euren Tag ganz nach Euren W\u00fcnschen und Vorstellungen.<\/p>\n<p>Hab ich Euer Interesse geweckt &amp; w\u00fcnscht Ihr Euch eine fotografische Begleitung von mir an Eurem Hochzeitstag? Dann schreibt mir doch schnell &#8211; ich freu mich![\/vc_column_text][vc_btn title=&#8220;Unverbindliche Anfrage&#8220; align=&#8220;center&#8220; link=&#8220;url:https%3A%2F%2Fwww.ab-fotografie.net%2Fwp1%2Fkontakt%2F|title:KONTAKT||&#8220;][\/vc_column][\/vc_row][vc_row full_width=&#8220;stretch_row_content_no_spaces&#8220;][vc_column][wiso_gallery type=&#8220;masonry&#8220; columns=&#8220;three_columns&#8220; images=&#8220;7625,7619,7621,368,373,366,343,338,335,7427,7425,7418,522,515,513,527,7412,7414,7411,7693,7685,7705&#8243;][\/vc_column][\/vc_row]<\/p>\n","protected":false},"excerpt":{"rendered":"<p>[vc_row full_width=&#8220;stretch_row_content_no_spaces&#8220;][vc_column][wiso_banner style_banner=&#8220;simple&#8220; height=&#8220;medium_banner&#8220; style=&#8220;center_content&#8220; overlay=&#8220;yes&#8220; title=&#8220;JA ICH WILL&#8220; image=&#8220;6325&#8243; subtitle=&#8220;Hochzeitsfotografie&#8220;][\/vc_column][\/vc_row][vc_row][vc_column][vc_empty_space][\/vc_column][\/vc_row][vc_row desctop_mb=&#8220;margin-lg-100b&#8220; desctop_md_mb=&#8220;margin-md-80b&#8220; tablets_mb=&#8220;margin-sm-55b&#8220; mobile_mb=&#8220;margin-xs-35b&#8220;][vc_column][wiso_headings style=&#8220;text_center&#8220; title=&#8220;Nat\u00fcrliche, zeitlose &#038; emotionale Bilder, die das Gl\u00fcck widerspiegeln&#8220; subtitle=&#8220;Hochzeitsfotografie&#8220;][vc_empty_space][vc_column_text]Ich liebe Hochzeiten! Das gl\u00fccklich strahlende Brautpaar, die feierliche Stimmung, die Freudentr\u00e4nen beim Ja-Wort, die liebevoll gestalteten Details wie der passende Blumenschmuck &amp; die Dekoration&#8230; All diese besonderen Momente Eures &#8230;<\/p>\n","protected":false},"author":1,"featured_media":0,"parent":1329,"menu_order":1,"comment_status":"closed","ping_status":"closed","template":"","meta":{"footnotes":""},"featured_image_src":null,"featured_image_src_square":null,"_links":{"self":[{"href":"https:\/\/www.ab-fotografie.net\/wp1\/wp-json\/wp\/v2\/pages\/1333"}],"collection":[{"href":"https:\/\/www.ab-fotografie.net\/wp1\/wp-json\/wp\/v2\/pages"}],"about":[{"href":"https:\/\/www.ab-fotografie.net\/wp1\/wp-json\/wp\/v2\/types\/page"}],"author":[{"embeddable":true,"href":"https:\/\/www.ab-fotografie.net\/wp1\/wp-json\/wp\/v2\/users\/1"}],"replies":[{"embeddable":true,"href":"https:\/\/www.ab-fotografie.net\/wp1\/wp-json\/wp\/v2\/comments?post=1333"}],"version-history":[{"count":19,"href":"https:\/\/www.ab-fotografie.net\/wp1\/wp-json\/wp\/v2\/pages\/1333\/revisions"}],"predecessor-version":[{"id":8980,"href":"https:\/\/www.ab-fotografie.net\/wp1\/wp-json\/wp\/v2\/pages\/1333\/revisions\/8980"}],"up":[{"embeddable":true,"href":"https:\/\/www.ab-fotografie.net\/wp1\/wp-json\/wp\/v2\/pages\/1329"}],"wp:attachment":[{"href":"https:\/\/www.ab-fotografie.net\/wp1\/wp-json\/wp\/v2\/media?parent=1333"}],"curies":[{"name":"wp","href":"https:\/\/api.w.org\/{rel}","templated":true}]}}

<p>[vc_row full_width=&#8220;stretch_row_content_no_spaces&#8220;][vc_column][wiso_banner style_banner=&#8220;simple&#8220; height=&#8220;medium_banner&#8220; style=&#8220;center_content&#8220; overlay=&#8220;yes&#8220; title=&#8220;JA ICH WILL&#8220; image=&#8220;6325&#8243; subtitle=&#8220;Hochzeitsfotografie&#8220;][/vc_column][/vc_row][vc_row][vc_column][vc_empty_space][/vc_column][/vc_row][vc_row desctop_mb=&#8220;margin-lg-100b&#8220; desctop_md_mb=&#8220;margin-md-80b&#8220; tablets_mb=&#8220;margin-sm-55b&#8220; mobile_mb=&#8220;margin-xs-35b&#8220;][vc_column][wiso_headings style=&#8220;text_center&#8220; title=&#8220;Natürliche, zeitlose &#038; emotionale Bilder, die das Glück widerspiegeln&#8220; subtitle=&#8220;Hochzeitsfotografie&#8220;][vc_empty_space][vc_column_text]Ich liebe Hochzeiten! Das glücklich strahlende Brautpaar, die feierliche Stimmung, die Freudentränen beim Ja-Wort, die liebevoll gestalteten Details wie der passende Blumenschmuck &amp; die Dekoration&#8230; All diese besonderen Momente Eures Tages halte ich für Euch fest &#8211; auf emotionalen, gefühlvollen, natürlichen &amp; zeitlosen Bildern, die diesen glücklichen Tag widerspiegeln.</p>
<p>Vom <strong>Getting Ready</strong> über den <strong>First Look</strong>, <strong>Paarshooting</strong>, <strong>Trauung</strong>, <strong>Apero</strong> &amp; Gruppenbilder, <strong>abendliche Feier</strong>, den <strong>ersten gemeinsamen Tanz</strong> als Ehepaar oder das <strong>Anschneiden der Hochzeitstorte</strong> &#8211; ganz egal, wie Ihr Euren Tag geplant hat &#8211; ich begleite Euren Tag ganz nach Euren Wünschen und Vorstellungen.</p>
<p>Hab ich Euer Interesse geweckt &amp; wünscht Ihr Euch eine fotografische Begleitung von mir an Eurem Hochzeitstag? Dann schreibt mir doch schnell &#8211; ich freu mich![/vc_column_text][vc_btn title=&#8220;Unverbindliche Anfrage&#8220; align=&#8220;center&#8220; link=&#8220;url:https%3A%2F%2Fwww.ab-fotografie.net%2Fwp1%2Fkontakt%2F|title:KONTAKT||&#8220;][/vc_column][/vc_row][vc_row full_width=&#8220;stretch_row_content_no_spaces&#8220;][vc_column][wiso_gallery type=&#8220;masonry&#8220; columns=&#8220;three_columns&#8220; images=&#8220;7625,7619,7621,368,373,366,343,338,335,7427,7425,7418,522,515,513,527,7412,7414,7411,7693,7685,7705&#8243;][/vc_column][/vc_row]</p>

<p>[vc_row full_width=&#8220;stretch_row_content_no_spaces&#8220;][vc_column][wiso_banner style_banner=&#8220;simple&#8220; height=&#8220;medium_banner&#8220; style=&#8220;center_content&#8220; overlay=&#8220;yes&#8220; title=&#8220;JA ICH WILL&#8220; image=&#8220;6325&#8243; subtitle=&#8220;Hochzeitsfotografie&#8220;][/vc_column][/vc_row][vc_row][vc_column][vc_empty_space][/vc_column][/vc_row][vc_row desctop_mb=&#8220;margin-lg-100b&#8220; desctop_md_mb=&#8220;margin-md-80b&#8220; tablets_mb=&#8220;margin-sm-55b&#8220; mobile_mb=&#8220;margin-xs-35b&#8220;][vc_column][wiso_headings style=&#8220;text_center&#8220; title=&#8220;Natürliche, zeitlose &#038; emotionale Bilder, die das Glück widerspiegeln&#8220; subtitle=&#8220;Hochzeitsfotografie&#8220;][vc_empty_space][vc_column_text]Ich liebe Hochzeiten! Das glücklich strahlende Brautpaar, die feierliche Stimmung, die Freudentränen beim Ja-Wort, die liebevoll gestalteten Details wie der passende Blumenschmuck &amp; die Dekoration&#8230; All diese besonderen Momente Eures &#8230;</p>
